et q(r) = -r**2 + 15*r + 106. Give q(-5).
6
Let c(s) = s**3 - s**2 - 148. Give c(0).
-148
Let s(q) = q**3 - 4*q**2 - 8*q - 34. Calculate s(6).
-10
Let a(q) = -2*q**2 + 76*q + 82. What is a(39)?
4
Let l(k) = 3*k - 34. What is l(13)?
5
Let v(l) = -l**3 - 6*l**2 - 7*l - 10. What is v(-4)?
-14
Let m(d) = -3*d - 10. Give m(-2).
-4
Let t(g) = -2*g - 41. Give t(-5).
-31
Let y(j) = -9*j - 87. Determine y(-10).
3
Let v(i) = -i**2 - 2*i + 2. Give v(-6).
-22
Let l(d) = 17*d - 4. Calculate l(-4).
-72
Let i(y) = y**2 - 30*y + 216. Determine i(11).
7
Let p(q) = -42*q**2 - 712*q + 37. Give p(-17).
3
Let g(b) = -19*b - 77. Calculate g(-7).
56
Let y(p) = 6*p + 2. What is y(2)?
14
Let f(o) = 4*o**3 + 3*o**2 + o + 3. Give f(-3).
-81
Let n(h) = h**2 + 3*h + 2. What is n(-2)?
0
Let k(u) = -3*u**2 + 45*u - 21. Calculate k(6).
141
Let f(t) = t**3 - 5*t**2 - 6*t + 8. Determine f(6).
8
Let k(f) = -f**2 - 23*f - 59. Calculate k(-19).
17
Let a(g) = -31*g - 5. Determine a(3).
-98
Let k(c) = c**3 - 5*c**2 - 4*c + 5. Give k(5).
-15
Let z(o) = -o**2 - 24*o + 226. Give z(7).
9
Let p(w) = w**2 + 3*w - 3. Determine p(-4).
1
Let w(v) = -v**3 - 5*v**2 - v + 2. Calculate w(-5).
7
Let f(d) = d**2 - 2*d - 7. Calculate f(5).
8
Let o(z) = 8*z**2 + 2*z - 4. Give o(-3).
62
Let m(j) = j**2 + 3*j - 32. What is m(-7)?
-4
Let u(y) = -24*y + 128. Give u(10).
-112
Let d(q) = q**3 - 14*q**2 + 25*q - 8. Calculate d(12).
4
Let r(t) = 2*t**2 - t + 7. Calculate r(5).
52
Let d(h) = h**2 + 19*h - 175. Calculate d(-26).
7
Let d(a) = 5*a - 14. Determine d(4).
6
Let j(n) = n**3 - 68*n**2 + 5*n - 343. Determine j(68).
-3
Let f(x) = -x**3 - 15*x**2 - 17*x - 49. Give f(-14).
-7
Let g(f) = -3*f**2 - 14*f + 5. Calculate g(-4).
13
Let y(r) = -r**3 - 9*r**2 - 7*r - 31. Determine y(-8).
-39
Let z(p) = p**2 - 8*p + 3. Give z(6).
-9
Let r(o) = -o - 16. What is r(-15)?
-1
Let i(b) = 2*b**2 + 2*b - 5. Determine i(-5).
35
Let v(b) = 53*b + 269. Determine v(-5).
4
Let b(d) = 4*d - 6. Give b(-1).
-10
Let o(d) = -33*d**3 - 2*d**2 + 2*d - 1. Determine o(1).
-34
Let k(q) = 4*q**2 + 3*q + 1. Give k(-1).
2
Let q(r) = -r**3 - 11*r**2 + 15*r + 13. What is q(-12)?
-23
Let p(h) = h**2 + 21*h + 54. What is p(-18)?
0
Let c(h) = h**2 + 11*h + 6. Calculate c(-4).
-22
Let z(o) = o**3 - 5*o**2 + 6. Calculate z(5).
6
Let k(j) = 18*j**3 - 2*j + 1. Calculate k(1).
17
Let r(q) = -4*q**2 + 21*q - 4. Determine r(5).
1
Let y(n) = 3*n**3 + 5*n**2 + 2*n. What is y(-3)?
-42
Let q(m) = -m**3 - 8*m**2 - 2*m - 5. Calculate q(-8).
11
Let g(p) = 2*p**3 + 2*p**2 - 8*p - 1. Give g(2).
7
Let y(q) = -24*q**2 + 7*q + 10. Determine y(-2).
-100
Let s(v) = -4*v**2 + 98*v + 44. What is s(25)?
-6
Let o(p) = -2*p**3 + 4*p**2 + 5*p + 6. Give o(4).
-38
Let q(n) = 7*n**3 + 138*n**2 - 40*n - 3. Calculate q(-20).
-3
Let j(y) = y**2 + 18*y - 12. Give j(-17).
-29
Let y(a) = -4*a - 58. Give y(-14).
-2
Let f(u) = -u**2 + 6*u + 49. Determine f(11).
-6
Let g(a) = -a**2 - 10*a - 20. Determine g(-5).
5
Let z(i) = -i**3 - 16*i**2 - 16*i + 21. Calculate z(-15).
36
Let g(x) = -2*x**2 + 21*x + 64. Calculate g(13).
-1
Let d(j) = -4*j + 22. What is d(9)?
-14
Let b(h) = -h**2 - 27*h + 16. Determine b(-29).
-42
Let i(f) = 5*f**2 - 281*f - 239. Determine i(57).
-11
Let a(v) = 2*v + 12. Calculate a(-14).
-16
Let p(h) = h**2 - 5. Determine p(3).
4
Let c(l) = 2*l**2 - 5*l - 19. Calculate c(4).
-7
Let r(x) = 35*x + 1. Calculate r(1).
36
Let u(i) = -7*i + 54. Determine u(7).
5
Let u(x) = -2*x**2 - 11*x - 3. Calculate u(-8).
-43
Let q(f) = -f**3 + 7*f**2 - 4*f - 14. Determine q(6).
-2
Let h(s) = -s**3 + 14*s**2 + 31*s + 12. Give h(16).
-4
Let t(d) = -d**2 + 6*d + 1. Determine t(7).
-6
Let m(w) = 6*w - 10. Calculate m(2).
2
Let q(g) = -3*g**3 + 3*g + 2. Calculate q(-1).
2
Let o(l) = 7*l**3 - 5*l - 6. Calculate o(-2).
-52
Let j(d) = -d**2 + 2*d - 3. Give j(2).
-3
Let c(v) = -v**3 + 10*v**2 - 2*v + 21. Calculate c(10).
1
Let u(r) = r**2 - 24*r + 65. Determine u(21).
2
Let q(n) = -n**3 + 17*n**2 - 254. Calculate q(16).
2
Let w(i) = i**2 - 13*i + 28. Calculate w(4).
-8
Let v(w) = -w**3 - 8*w**2 - 4*w + 3. Determine v(-5).
-52
Let f(n) = 6*n**2 + 10*n + 21. Calculate f(-2).
25
Let v(c) = -2*c**3 + 33*c**2 - 7*c - 145. Calculate v(16).
-1
Let k(u) = 2*u + 29. Calculate k(-9).
11
Let c(f) = -f**2 + 16*f - 47. Give c(10).
13
Let y(n) = -2*n**2 + 21*n + 8. Give y(11).
-3
Let s(o) = 11*o + 28. Give s(-2).
6
Let u(l) = 2*l - 11. What is u(10)?
9
Let q(m) = 6*m - 2. Calculate q(5).
28
Let o(s) = -s**2 + 17*s + 55. Calculate o(20).
-5
Let t(y) = -y**3 - 7*y**2 + 8*y + 11. What is t(-8)?
11
Let t(n) = n**3 - 15*n**2 - 35*n + 24. Calculate t(17).
7
Let i(o) = -10*o**2 - 3*o - 2. Give i(-1).
-9
Let i(w) = 20*w + 47. Calculate i(-4).
-33
Let a(s) = s**3 + 2*s - 10. What is a(0)?
-10
Let g(o) = o**3 + 29*o**2 + 27*o + 49. What is g(-28)?
77
Let m(g) = 8*g - 5. Calculate m(5).
35
Let p(k) = k**2 + 10*k - 68. Give p(-14).
-12
Let a(c) = 4*c**3 + 2*c**2 + c - 3. What is a(1)?
4
Let m(i) = 16*i - 26. Determine m(4).
38
Let a(d) = -19*d + 1. Determine a(-1).
20
Let z(l) = -l**2 - 14*l - 3. What is z(5)?
-98
Let r(x) = 28*x**2 + x. What is r(1)?
29
Let s(l) = -2*l - 2. Give s(2).
-6
Let d(g) = -g + 20. Determine d(14).
6
Let r(v) = -5*v - 183. Give r(-37).
2
Let o(z) = -z**2 + 5*z - 7. Give o(5).
-7
Let f(s) = -s**3 - 4*s**2 - 8. Determine f(-5).
17
Let b(y) = 2*y**2 + 4*y - 2. Calculate b(4).
46
Let a(h) = -2*h**3 + 13*h**2 + 7*h + 29. Give a(7).
29
Let x(j) = -j**2 - 7*j - 2. What is x(-6)?
4
Let n(r) = 3*r - 20. Calculate n(15).
25
Let t(d) = -d**3 - 23*d**2 - 46*d - 5. Determine t(-21).
79
Let b(q) = q**2 + 31*q + 42. Determine b(-29).
-16
Let k(i) = -6*i + 32. Give k(5).
2
Let u(z) = -2*z**2 - 8*z - 5. Calculate u(-5).
-15
Let l(d) = -3*d**3 - 2*d**2 + 7*d + 2. Determine l(-2).
4
Let w(b) = -b**2 + 8*b - 14. Give w(6).
-2
Let n(u) = -u**2 - 12*u - 13. Give n(-15).
-58
Let c(d) = -3*d**2 - 25*d + 51. What is c(-10)?
1
Let x(l) = -4*l + 13. Give x(-1).
17
Let w(o) = o**3 + 4*o**2 - 2*o - 2. Give w(-4).
6
Let g(m) = m**3 + 26*m**2 + 49*m + 34. Calculate g(-24).
10
Let u(d) = -d**3 + 14*d**2 - 14*d + 25. Determine u(13).
12
Let u(w) = -5*w - 59. What is u(0)?
-59
Let p(q) = -q**2 - 17. Determine p(0).
-17
Let q(t) = -3*t - 23. Give q(0).
-23
Let n(b) = -5*b**2 - b. Give n(-5).
-120
Let u(p) = -10*p**2 + 3*p - 4. Calculate u(2).
-38
Let y(x) = x**3 + 6*x**2 + 2*x + 12. Give y(-6).
0
Let p(k) = 11*k + 6. What is p(-4)?
-38
Let v(u) = -2*u**3 - 14*u**2 + 20*u + 24. Determine v(-8).
-8
Let t(r) = r. Calculate t(-8).
-8
Let u(i) = -i**3 - i**2 + 12*i - 3. Give u(-4).
-3
Let y(g) = -g**3 - 15*g**2 - 14*g - 15. Calculate y(-14).
-15
Let w(x) = -x**2 - 12*x + 37. What is w(-14)?
9
Let r(k) = k + 6. Calculate r(-3).
3
Let p(k) = -k**3 - 4*k**2 + 4*k + 3. What is p(-4)?
-13
Let p(z) = -4*z - 4. Determine p(-6).
20
Let u(t) = -4*t - 8. What is u(13)?
-60
Let p(l) = -2*l**2 + 74*l - 111. Determine p(35).
29
Let r(i) = -23*i**2 - 209*i - 17. Give r(-9).
1
Let o(x) = 6*x + 81. What is o(-15)?
-9
Let n(c) = -3*c**2 - 3*c + 3. Calculate n(-3).
-15
Let u(x) = x**2 - 11*x - 7. Calculate u(10).
-17
Let c(k) = 29*k**3 + 3*k**2 + 3*k + 1. What is c(-1)?
-28
Let k(g) = -3*g**2 - g - 1. Give k(-1).
-3
Let j(a) = 62*a - 419. Determine j(7).
15
Let f(b) = -b**2 + 12*b + 6. Determine f(14).
-22
Let c(q) = 2*q**3 - 2*q - 1. What is c(-1)?
-1
Let b(q) = q**3 - 3*q**2 + 3*q. What is b(3)?
9
Let i(b) = 36*b - 8. Give i(1).
28
Let d(u) = -22*u**3 + 2*u**2 - 4. Calculate d(-2).
180
Let j(x) = 24*x + 64. What is j(-4)?
-32
Let i(b) = b**3 + 13*b**2 - 14*b - 13. Calculate i(-14).
-13
Let p(n) = -3*n - 19. Calculate p(-4).
-7
Let g(y) = y**3 + 23*y**2 - 24*y - 6. Give g(-24).
-6
Let j(q) = -10*q - 4. Give j(2).
-24
Let s(q) = -q**2 + 7*q + 183. Determine s(-11).
-15
Let h(p) = p**2 + 21*p + 12. Calculate h(0).
12
Let m(r) = r**3 - 19*r**2 - 4. Determine m(19).
-4
Let p(h) = -2*h + 1. Calculate p(-16).
33
Let v(g) = -3*g + 21. Calculate v(4).
9
Let p(z) = -z**3 - z - 2. Calculate p(-1).
0
Let o(a) = a**2 - 39*a + 7. What is o(39)?
7
Let d(t) = -t**3 + 3*t**2 + t + 13. What is d(0)?
13
Let p(z) = -4*z**2 + 6*z + 25. Give p(-4).
-63
Let q(a) = -a**2 - 25*a + 66. What is q(-27)?
12
Let u(i) = i**2 - 9*i + 4. Give u(6).
-14
Let y(s) = -s**3 